3245.
3, 5, 31, 440093
List the prime factors of 326343661.
7, 113, 412571
What are the prime factors of 271799224?
2, 1699, 19997
What are the prime factors of 11300503?
37, 305419
What are the prime factors of 745446062?
2, 372723031
What are the prime factors of 436203017?
17, 1509353
What are the prime factors of 530376898?
2, 163, 1626923
What are the prime factors of 193244803?
113, 1710131
What are the prime factors of 176949588?
2, 3, 14745799
List the prime factors of 3692004596.
2, 7, 37, 43, 179, 463
What are the prime factors of 6484537614?
2, 3, 23, 41, 1146083
List the prime factors of 1565447161.
67, 227, 102929
What are the prime factors of 655770797?
11, 59615527
List the prime factors of 412811115.
3, 5, 821, 33521
What are the prime factors of 431607146?
2, 37, 5832529
What are the prime factors of 616476075?
3, 5, 31, 265151
List the prime factors of 2008359982.
2, 1279, 785129
List the prime factors of 143030671.
7, 97, 313, 673
List the prime factors of 148754281.
13, 59, 193943
List the prime factors of 420251125.
5, 7, 480287
List the prime factors of 339816972.
2, 3, 11, 1439, 1789
What are the prime factors of 2126195165?
5, 47, 9047639
What are the prime factors of 3885219622?
2, 1942609811
What are the prime factors of 36095830?
2, 5, 3609583
What are the prime factors of 838400017?
7, 13, 271, 33997
What are the prime factors of 405667743?
3, 13, 10401737
List the prime factors of 2536501279.
13, 3407, 57269
What are the prime factors of 133014209?
41, 467, 6947
List the prime factors of 69321745.
5, 29, 389, 1229
What are the prime factors of 154961932?
2, 31, 1249693
What are the prime factors of 3224182010?
2, 5, 7, 19, 29, 179, 467
What are the prime factors of 301236180?
2, 3, 5, 7, 717229
What are the prime factors of 1745704636?
2, 13, 17, 1974779
List the prime factors of 204179622.
2, 3, 17, 883, 2267
List the prime factors of 38139738.
2, 3, 7, 13, 17, 587
What are the prime factors of 915557421?
3, 103, 1307, 2267
List the prime factors of 478675513.
478675513
What are the prime factors of 237133024?
2, 53, 89, 1571
What are the prime factors of 37224835?
5, 29, 256723
List the prime factors of 208537775.
5, 31, 53, 5077
List the prime factors of 4103544536.
2, 7, 13, 1249, 4513
What are the prime factors of 9992974?
2, 17, 19, 31, 499
List the prime factors of 4979164804.
2, 41, 30360761
List the prime factors of 1454732787.
3, 883, 549163
What are the prime factors of 1470299761?
7, 210042823
What are the prime factors of 17019881?
17019881
What are the prime factors of 6636768?
2, 3, 257, 269
What are the prime factors of 641207993?
641207993
What are the prime factors of 111950118?
2, 3, 7, 888493
List the prime factors of 346306572.
2, 3, 9619627
List the prime factors of 1194945014.
2, 47, 479, 26539
What are the prime factors of 280717959?
3, 93572653
What are the prime factors of 1741120698?
2, 3, 2903, 99961
List the prime factors of 46507484.
2, 89, 130639
List the prime factors of 273531584.
2, 73, 127, 461
What are the prime factors of 372055261?
103, 3612187
List the prime factors of 107629583.
107629583
What are the prime factors of 53255955?
3, 5, 19, 67, 2789
What are the prime factors of 629116082?
2, 7, 29, 1549547
List the prime factors of 1461091574.
2, 137, 38923
What are the prime factors of 1521042071?
17, 53, 193, 8747
What are the prime factors of 15673537?
11, 19, 3947
What are the prime factors of 316081166?
2, 1997, 79139
List the prime factors of 53158437.
3, 283, 773
List the prime factors of 14783123.
71, 208213
What are the prime factors of 3138763260?
2, 3, 5, 1931, 27091
List the prime factors of 43123207.
941, 45827
List the prime factors of 48825053.
5573, 8761
What are the prime factors of 54489946?
2, 7, 139, 28001
List the prime factors of 1166327925.
3, 5, 7, 17, 130681
What are the prime factors of 594375473?
594375473
What are the prime factors of 223101111?
3, 7043, 10559
What are the prime factors of 1705386366?
2, 3, 31581229
What are the prime factors of 101900480?
2, 5, 11, 28949
List the prime factors of 25438989.
3, 23, 127, 2903
List the prime factors of 1135066982.
2, 7, 17, 37, 157, 821
What are the prime factors of 126090058?
2, 149, 423121
List the prime factors of 52425427.
19, 53, 79, 659
What are the prime factors of 248789212?
2, 7, 277, 32077
What are the prime factors of 3803791?
67, 56773
List the prime factors of 7462178093.
37, 103, 1958063
List the prime factors of 72137441.
61, 1182581
List the prime factors of 117038229.
3, 7, 11, 29, 17471
List the prime factors of 663903475.
5, 181, 146719
What are the prime factors of 899710064?
2, 11, 503, 10163
What are the prime factors of 5890966?
2, 2945483
What are the prime factors of 111771780?
2, 3, 5, 467, 3989
List the prime factors of 667559892.
2, 3, 71, 103, 7607
List the prime factors of 401570773.
47, 8544059
What are the prime factors of 25375433?
41, 618913
List the prime factors of 390582735.
3, 5, 17, 1531697
What are the prime factors of 945536981?
1583, 597307
List the prime factors of 1476917704.
2, 17, 10859689
What are the prime factors of 7246171987?
17, 19, 22433969
What are the prime factors of 195533719?
947, 206477
List the prime factors of 127030848.
2, 3, 7, 47, 2011
List the prime factors of 1485608778.
2, 3, 23, 3588427
List the prime factors of 1444689620.
2, 5, 11, 191, 34381
List the prime factors of 14914583.
2399, 6217
What are the prime factors of 6894404059?
29, 499, 476429
List the prime factors of 26647213.
457, 58309
What are the prime factors of 539533637?
41, 1201, 10957
What are the prime factors of 105255468?
2, 3, 2923763
List the prime factors of 828989713.
23, 47, 766873
List the prime factors of 3427819548.
2, 3, 17, 16803037
What are the prime factors of 1853533676?
2, 19, 24388601
What are the prime factors of 199545889?
199545889
What are the prime factors of 38256730?
2, 5, 239, 16007
List the prime factors of 7959506235.
3, 5, 17489, 30341
What are the prime factors of 79284831?
3, 26428277
What are the prime factors of 294046619?
59, 647, 7703
List the prime factors of 4178515392.
2, 3, 127, 239
What are the prime factors of 8821971?
3, 980219
List the prime factors of 223030016.
2, 11, 79201
List the prime factors of 33566442.
2, 3, 7, 13, 4729
List the prime factors of 440837832.
2, 3, 37, 496439
List the prime factors of 1190174555.
5, 238034911
What are the prime factors of 943229325?
3, 5, 12576391
What are the prime factors of 126268464?
2, 3, 7, 375799
What are the prime factors of 3173822?
2, 1586911
What are the prime factors of 2279496?
2, 3, 17, 37, 151
List the prime factors of 266211194.
2, 17, 43, 10711
What are the prime factors of 67856044?
2, 17, 58699
What are the prime factors of 181932072?
2, 3, 7, 127, 8527
What are the prime factors of 168756193?
89, 379, 5003
What are the prime factors of 743357202?
2, 3, 7, 17698981
List the prime factors of 46022234.
2, 23011117
List the prime factors of 352079007.
3, 7, 61, 274847
What are the prime factors of 42131848?
2, 11, 17, 28163
What are the prime factors of 152991072?
2, 3, 13, 53, 257
What are the prime factors of 4373513234?
2, 167, 523, 25037
List the prime factors of 687586261.
167, 4117283
List the prime factors of 2974534455.
3, 5, 17, 19, 23, 26693
What are the prime factors of 18135489?
3, 41, 283, 521
List the prime factors of 492303406.
2, 7, 35164529
List the prime factors of 21670418.
2, 7, 11, 140717
List the prime factors of 3472381086.
2, 3, 578730181
List the prime factors of 70597718.
2, 23, 79, 19427
List the prime factors of 49663332.
2, 3, 53, 26029
List the prime factors of 2869621211.
43, 66735377
What are the prime factors of 24719370?
2, 3, 5, 13, 241, 263
What are the prime factors of 49572836?
2, 12393209
What are the prime factors of 49541616?
2, 3, 344039
What are the prime factors of 275519586?
2, 3, 45919931
List the prime factors of 999601177.
43, 109, 419, 509
What are the prime factors of 6174248107?
47, 59, 337, 6607
List the prime factors of 3525128510.
2, 5, 809, 435739
What are the prime factors of 40927381?
11, 17, 29, 7547
List the prime factors of 389035967.
47, 8277361
What are the prime factors of 46728652?
2, 727, 16069
List the pr